t w(h) = -h + 19. Calculate the remainder when w(l) is divided by 7.
5
Suppose -4*a + 3*z - 9 = 0, 0 = -8*a + 3*a + 5*z - 10. What is the remainder when a/(6 - 3)*-79 is divided by 20?
19
Let q be -2*-2*(-3 - -1). Calculate the remainder when 65 is divided by 222/10 + q/40.
21
Suppose 153 = 5*u - 272. What is the remainder when u is divided by 44?
41
What is the remainder when 132 is divided by -3 - 9*(-3 + 1)*1?
12
Let k = 119 + -83. Calculate the remainder when k is divided by 13.
10
What is the remainder when 18 is divided by 0/1 - -3 - -7?
8
Let u(h) = -h**2 - 14*h - 13. Calculate the remainder when 2 - (12/(-9))/((-8)/(-228)) is divided by u(-12).
7
Let h be 5*(2 + -2 - -2). Suppose 0 = -4*y + y + 3, 2*a - 17 = y. What is the remainder when a is divided by (h/8)/((-3)/(-12))?
4
Let a = -23 - -82. Calculate the remainder when a is divided by 20.
19
Suppose r = 5*a + 105, 0 = 5*r - a + 4*a - 385. Calculate the remainder when r is divided by 6.
2
Let k(y) = y**3 + 8*y**2 + 6*y + 11. Suppose -40 = -4*o - z, 0*o + 50 = 5*o - 4*z. What is the remainder when k(-7) is divided by o?
8
Let z be (1/1)/((-3)/(-12)). Suppose 55 = n + z*n. What is the remainder when n is divided by 3?
2
Suppose -5*j - 2*u + 165 = 3*u, -68 = -2*j - 3*u. Let w = -11 + 22. What is the remainder when j is divided by w?
9
Let h(u) = 4*u + 19. Calculate the remainder when h(14) is divided by 27.
21
Let n(l) = l**3 + 2*l - 1. Let t be n(1). Suppose a + 5*v - 42 = 0, 2*a - 3*v = -t*v + 73. What is the remainder when a is divided by 13?
11
Suppose -2*m + 3 - 49 = -2*d, -m = 2*d - 46. Calculate the remainder when 91 is divided by d.
22
Suppose -3*a = -0*a + 6. What is the remainder when (-155)/(-15) - a/(-6) is divided by 4?
2
Suppose s - 62 + 2 = 0. Calculate the remainder when s is divided by 16.
12
Calculate the remainder when 1848/54 - (-4)/(-18) is divided by 7.
6
Let g(y) = -10*y**3 - 2*y**2 - y. Let c be g(-1). Suppose -5*s + c = -11. Calculate the remainder when 15 is divided by s.
3
Calculate the remainder when (4/18*-3)/((-5)/255) is divided by 9.
7
Suppose u + s - 4 = 2*u, 5*s = -2*u - 15. Let o = 17 + u. What is the remainder when o is divided by 5?
2
Let a(h) = 4*h + 4. Let n be -1*4*(-4 + 3). Let q be a(n). Suppose 0*p - 4*p = -q. Calculate the remainder when 8 is divided by p.
3
Suppose 33 = 4*n - 5*r, 3*r + 0 = -4*n - 7. Let v(l) = 10*l**2 - 7*l + 5 + l - n*l**2 - l - l**3. What is the remainder when v(6) is divided by 12?
11
Suppose 5*d + 0 - 10 = 0. Let z = d - 2. Suppose -s + z + 6 = 0. Calculate the remainder when s is divided by 4.
2
Let d be (-4*1 - 0)/(-1). What is the remainder when 0 + 3 - (d - 50) is divided by 13?
10
Suppose -6 + 0 = -3*s. Suppose 0 = 3*b - 4*k - 374, s*b + k - 184 = 47. Calculate the remainder when b is divided by 30.
28
Let p = 0 - 0. Let z = -16 + 40. Suppose p = -2*g - 10 + z. Calculate the remainder when g is divided by 3.
1
Suppose 4*w - 11 = 2*z + 5, -4*z = 4*w - 28. Suppose -2*l = z*l - 40. Calculate the remainder when 29 is divided by l.
9
Let g = 30 - 13. What is the remainder when g is divided by 9?
8
Let p(w) = w**3 - w**2 - 2*w. Let m = 85 + -80. Calculate the remainder when p(3) is divided by m.
2
Suppose -7*j + 6 = -4*j. Suppose 3*u - 13 = j. What is the remainder when 14 is divided by u?
4
Suppose 21 = -2*c - c. Let t = 8 + c. Calculate the remainder when 2 is divided by t.
0
Let r(y) be the second derivative of 2*y**4/3 + 5*y**3/6 + 3*y**2/2 + y. What is the remainder when r(-3) is divided by 21?
18
Suppose 5*h - 13 - 12 = 0. What is the remainder when 11 is divided by h?
1
Suppose 111 = 5*b - 29. What is the remainder when b is divided by 10?
8
Let w(y) = y**3 - 5*y**2 + 2*y - 1. Let b be w(4). Let t = 3 - b. Calculate the remainder when t is divided by 5.
2
What is the remainder when (4/2)/(2/14) is divided by 4?
2
Let z(y) = 2*y - 24. What is the remainder when 57 is divided by z(17)?
7
Let u = 38 - 26. Let x(n) = -3*n**2 - 9*n - 9. Let a be x(-6). Let c = a + 98. Calculate the remainder when c is divided by u.
11
Let z = 0 + 1. Let j = 21 - z. Suppose -x - x + 22 = 0. What is the remainder when j is divided by x?
9
Suppose -6*h + 11*h - 565 = 0. Let j(u) = 11*u - 4. Calculate the remainder when h is divided by j(3).
26
Let k = 8 + 17. Suppose 10 + 40 = 2*l + 3*r, r = -l + k. What is the remainder when l is divided by 13?
12
What is the remainder when 97 - -15 - (0 + 1) is divided by 16?
15
Suppose 44 + 144 = 4*n. Let p = n + -19. Let h = p + 1. Calculate the remainder when h is divided by 10.
9
Suppose -8*k + 11*k = 48. Calculate the remainder when 78 is divided by k.
14
Let q = -6 + 61. What is the remainder when q is divided by 28?
27
Let w(v) = -v**3 - 4*v**2 - 4*v. Let m be w(-3). Let n be 3 + (m - 4)*3. Suppose -2*h - h + 36 = n. What is the remainder when 23 is divided by h?
11
Suppose 0 = -3*c + 8 + 34. Let p(o) = 9*o + 47. Let s(r) = -4*r - 24. Let g(y) = -3*p(y) - 7*s(y). What is the remainder when g(0) is divided by c?
13
Suppose f + 10 = j, -j + 4*f + 28 = 2*j. Suppose 5*c + 2 = 27. Calculate the remainder when j is divided by c.
2
Suppose 125 + 2 = 4*u + 3*a, 0 = -2*u + 5*a + 57. Let c = -13 + u. What is the remainder when c is divided by 5?
3
Suppose 0 = -m + 5*m + 4*g - 44, 0 = -2*g. Calculate the remainder when m is divided by 4.
3
Let r = 17 - 10. Suppose -2 = -5*d - r. Let q(j) = 10*j**2 - j. What is the remainder when 20 is divided by q(d)?
9
Suppose 7*k - 105 = 2*k. Suppose 4*h - h + 4*o - k = 0, -5*o = -4*h + 59. Calculate the remainder when h is divided by 4.
3
Suppose 3*a - 153 = -4*v - 0*a, 4*a + 199 = 5*v. Calculate the remainder when (v/(-4))/(3/(-12)) is divided by (2/(-3))/((-15)/450).
19
Let h be (-30)/4*(-4)/3. Suppose h = 2*q - q - 4*s, 5*q - s = 31. What is the remainder when 5 is divided by 3/q*3*2?
2
Suppose -8*c + 19 = -69. Calculate the remainder when c is divided by 3.
2
Suppose 1 = 3*u + 4*j, -u - 5*j - 22 = -5*u. Suppose -4*z + 46 = u*a, -8*a + 3*a = 4*z - 66. Calculate the remainder when 29 is divided by a.
9
Let b = -29 - -43. What is the remainder when 67 is divided by b?
11
Let p(y) = -y - 7. Let k be p(-3). Let w = 21 + k. Calculate the remainder when 65 is divided by w.
14
Suppose 3*k - 2*k = 87. What is the remainder when k is divided by 15?
12
Let i = 5 - -4. Calculate the remainder when 25 is divided by i.
7
Suppose 4*g + 4*d = 8 + 8, -5 = -2*g - 5*d. What is the remainder when 99/(-6)*4/(-6) is divided by g?
1
Let y be 47/9 + 22/(-99). Let r(o) = o + 4. What is the remainder when 34 is divided by r(y)?
7
Suppose 0 = 2*r - 0*r. Suppose -4*p = -5*x - 63, 2*p - 4*x + r = 24. Suppose -7*l = 2*l - 585. What is the remainder when l is divided by p?
21
Suppose 0*i = 2*m - i - 59, -3*i = -m + 42. What is the remainder when 105 is divided by m?
24
Suppose 4*n - 3*w = -w, 3*w - 12 = 0. Suppose 2*j = -4*j + 198. What is the remainder when j is divided by 10 + 2*(-1)/n?
6
What is the remainder when ((-1998)/(-36))/(-1 - 3/(-2)) is divided by 38?
35
Let f = -23 + 30. Let k(i) = 6*i - 7. Let s be k(7). Suppose 0 = 5*n + 4*l - s, -n + 8 = 5*l - 20. Calculate the remainder when f is divided by n.
1
Let w(g) = -g**2 - 7*g - 6. Let q(c) = -c**2 - 7*c + 4. Let u = -15 - -8. Calculate the remainder when w(-4) is divided by q(u).
2
Suppose -5*i = 18*i - 414. Suppose 3*w = 4*o + 90, 182 = 5*w + o + 3*o. What is the remainder when w is divided by i?
16
Let m be 2512/14 - 6/14. What is the remainder when 24/(-36) - m/(-3) is divided by 15?
14
Let l be (-8)/12 + 5/3. Let g be -5*l/(-1)*-1. Let v = 13 + g. What is the remainder when v is divided by 5?
3
Suppose -3*y - 7*y = -350. Calculate the remainder when y is divided by 11.
2
Let i = -4 - -12. Suppose i = y - 9. Let m = y - 10. Calculate the remainder when 19 is divided by m.
5
Let b be 1/(0 + -2 + 3). Let n be (-20)/(-5) - (1 + b). Suppose 3*l = -a + 35, 0 = -a - n*l + 39 - 9. What is the remainder when 38 is divided by a?
18
Suppose 0 = -6*i + 2*i + 16. Suppose 3*f + i - 13 = 0. Let s = f - -5. Calculate the remainder when 22 is divided by s.
6
Let o(c) = c**3 + 6*c**2 - 5*c - 1. Let n be o(-7). Let j = n + 28. Suppose 3*d - 2 - 10 = 0, -5*d - 52 = -3*f. Calculate the remainder when f is divided by j.
11
Suppose 2*d - 125 = -11. Wha